?
True
Is 4052877 composite?
True
Is 18326003 a prime number?
False
Is 1470941 prime?
True
Is 2539753 prime?
True
Is 2127269 a prime number?
True
Is 1073122 a composite number?
True
Is 75186557 composite?
True
Is 84894709 a composite number?
True
Is 5298751 prime?
True
Is 386923611 a composite number?
True
Is 5690777 a prime number?
True
Is 53480171 composite?
False
Is 35873533 a composite number?
False
Is 266479211 a prime number?
True
Is 14239805 composite?
True
Is 584347 a prime number?
True
Is 601363745 composite?
True
Is 306270389 a composite number?
False
Is 144964817 prime?
True
Is 10613927 a prime number?
True
Is 4451983 prime?
True
Is 1019027 prime?
False
Is 18832669 prime?
True
Is 26521961 prime?
True
Is 3288997 a prime number?
True
Is 223048097 a composite number?
True
Is 259747409 a composite number?
True
Is 16789193 a prime number?
False
Is 10195786 a composite number?
True
Is 1212347 prime?
True
Is 705161 a prime number?
True
Is 17230363 composite?
False
Is 1731323 composite?
True
Is 59812801 composite?
True
Is 112074349 composite?
False
Is 108241937 a composite number?
True
Is 8912147 composite?
False
Is 863671 composite?
False
Is 2887763 a composite number?
False
Is 584677 prime?
True
Is 3135901 composite?
True
Is 1117895413 prime?
True
Is 8484449 a prime number?
True
Is 482767 prime?
True
Is 2112473 a prime number?
False
Is 11475043 composite?
True
Is 11168137 a composite number?
False
Is 82651717 prime?
True
Is 21834499 a prime number?
True
Is 193352161 a composite number?
False
Is 112002151 a prime number?
True
Is 33334979 a prime number?
False
Is 29768779 a composite number?
True
Is 7305041 a prime number?
True
Is 3879233 a prime number?
False
Is 10979521 a prime number?
False
Is 460771 a composite number?
False
Is 10677949 a composite number?
True
Is 13187929 prime?
False
Is 5136391 composite?
True
Is 7368511 a composite number?
False
Is 10567367 prime?
True
Is 1659077 a prime number?
False
Is 35754229 a prime number?
False
Is 15520357 prime?
True
Is 77155691 a prime number?
True
Is 5163157 a composite number?
True
Is 945641 a composite number?
True
Is 2154521 a prime number?
False
Is 140363 a composite number?
False
Is 6649063 composite?
False
Is 629413013 a composite number?
True
Is 38738143 prime?
False
Is 7497626 composite?
True
Is 211144343 composite?
True
Is 4619243 a composite number?
True
Is 14929609 a prime number?
True
Is 477881 composite?
False
Is 414770333 composite?
True
Is 9861821 composite?
False
Is 564508181 a prime number?
True
Is 1001485 a composite number?
True
Is 75603271 a composite number?
False
Is 1314451 prime?
True
Is 3758899 a prime number?
False
Is 7613101 composite?
False
Is 7785161 a prime number?
True
Is 4440169 a composite number?
False
Is 102911 a composite number?
False
Is 9076609 composite?
False
Is 156657113 composite?
True
Is 5933351 prime?
True
Is 1327289 a composite number?
False
Is 28783463 a prime number?
True
Is 544880605 prime?
False
Is 816365203 composite?
False
Is 6929938 prime?
False
Is 1310377 prime?
False
Is 6286271 composite?
False
Is 4408863 prime?
False
Is 2193185 a composite number?
True
Is 2209447 composite?
False
Is 854230981 composite?
False
Is 5987759 composite?
False
Is 924997179 composite?
True
Is 20309683 prime?
True
Is 1160401 a prime number?
False
Is 52158973 a composite number?
True
Is 1448822714 prime?
False
Is 1160166401 a prime number?
False
Is 118917349 a composite number?
False
Is 97157254 a composite number?
True
Is 7824479 composite?
True
Is 9256955 prime?
False
Is 82016327 a prime number?
True
Is 160078549 a composite number?
False
Is 3902641 composite?
False
Is 19833423 composite?
True
Is 154059131 composite?
False
Is 116780483 a composite number?
True
Is 10980829 a composite number?
True
Is 2483381 a prime number?
True
Is 337048183 a prime number?
False
Is 2573413 prime?
True
Is 34582867 a composite number?
True
Is 52051889 prime?
False
Is 3652927 composite?
True
Is 1337615 composite?
True
Is 93695663 a composite number?
False
Is 9996209 a prime number?
True
Is 3572489 a composite number?
True
Is 163323949 composite?
False
Is 30983941 a composite number?
False
Is 7249063 a prime number?
False
Is 204199 composite?
True
Is 79035427 a prime number?
False
Is 16021013 composite?
False
Is 3021943 composite?
False
Is 150038521 a composite number?
True
Is 11720389 composite?
False
Is 516423049 composite?
False
Is 5074633 a composite number?
False
Is 4091241163 a composite number?
False
Is 16793419 composite?
False
Is 35380753 composite?
True
Is 3262817 a composite number?
True
Is 5271667 a composite number?
False
Is 21053563 composite?
False
Is 310502 prime?
False
Is 3719491 a composite number?
True
Is 5579549 a prime number?
True
Is 4021219 prime?
False
Is 31957045 prime?
False
Is 12163087 composite?
False
Is 8687027 composite?
False
Is 3104293 a composite number?
False
Is 214761853 composite?
False
Is 17217917 a composite number?
False
Is 3921 prime?
False
Is 7615031 composite?
True
Is 963019 a composite number?
False
Is 567884719 a prime number?
True
Is 29433317 a composite number?
False
Is 21987457 a composite number?
True
Is 39181223 a composite number?
True
Is 19727891 a prime number?
False
Is 466113127 a composite number?
True
Is 23485061 a composite number?
True
Is 1179301 composite?
True
Is 2326871 a prime number?
True
Is 3430627 a composite number?
True
Is 124213 composite?
False
Is 46534519 composite?
False
Is 444967 a composite number?
False
Is 65016353 a composite number?
False
Is 4172543 prime?
False
Is 38555683 composite?
False
Is 86360711 a prime number?
False
Is 56670433 composite?
False
Is 1501889 composite?
False
Is 11153447 a composite number?
False
Is 872769 composite?
True
Is 124077451 prime?
True
Is 3612889 a composite number?
True
Is 42377761 a composite number?
True
Is 111203 prime?
False
Is 16251161 a prime number?
False
Is 527332541 prime?
True
Is 107922847 a composite number?
True
Is 9049699 a prime number?
True
Is 1870067 composite?
False
Is 1616746 a composite number?
True
Is 3167013 composite?
True
Is 2650429 composite?
False
Is 1744229 a prime number?
False
Is 20655077 composite?
True
Is 3628927 composite?
False
Is 13552243 a composite number?
True
Is 90873781 composite?
False
Is 3310519 a prime number?
False
Is 13814341 composite?
False
Is 7311389 a composite number?
True
Is 137346266 a prime number?
False
Is 7180567 composite?
False
Is 38453 composite?
False
Is 34665029 a composite number?
True
Is 377205317 a composite number?
False
Is 148646483 composite?
False
Is 11905903 composite?
False
Is 67624111 composite?
True
Is 53414327 prime?
False
Is 813083 composite?
False
Is 175081289 prime?
True
Is 8248138 a composite number?
True
Is 8545087 composite?
False
Is 4843021 a composite number?
True
Is 1160567 a prime number?
True
Is 405187093 prime?
False
Is 4742691 a prime number?
False
Is 3374359 a composite number?
False
Is 11017837 composite?
True
Is 9368687 a prime number?
True
Is 189044249 composite?
True
Is 58703609 a prime number?
False
Is 330983 a composite number?
False
Is 1324801 a prime number?
False
Is 3690931 prime?
False
Is 2345327 prime?
True
Is 819029 prime?
True
Is 19387681 composite?
True
Is 48451549 a prime number?
True
Is 29383891 composite?
True
Is 9784657 prime?
True
Is 217697717 a prime number?
False
Is 47776559 a composite number?
False
Is 221387533 prime?
True
Is 402215573 a composite number?
True
Is 8473573 a prime number?
True
Is 263383799 a prime number?
False
Is 89595911 a composite number?
False
Is 157559 prime?
True
Is 4602529 composite?
True
Is 8039653 a prime number?
True
Is 32808943 a prime number?
False
Is 33316133 composite?
False
Is 34223153 composite?
False
Is 1399087 composite?
True
Is 175667 prime?
False
Is 686417 prime?
True
Is 6453058 composite?
True
Is 278481755 a prime number?
False
Is 72459731 prime?
True
Is 66304099 prime?
True
Is 5573917 composite?
False
Is 461698351 a prime number?
True
Is 264547 composite?
True
Is 92740081 a composite number?
True
Is 8123573 a prime number?
True
Is 9097391 prime?
False
Is 822101 composite?
True
Is 378661 a composite number?
False
Is 213618653 a prime number?
False
Is 465465479 a composite number?
False
Is 515059 a prime number?
False
Is 101239799 